ue of -2 - 5 - ((-4 - (-10 + 1)) + -30)?
18
What is the value of 12 + (4 - (1 - (6 + -12)))?
9
What is the value of 25 - (9 + -3 + -2 - 2)?
23
1 + 5 + 88 + -101 - -2
-5
117 + -134 + 1 + 27
11
Calculate (9 - (-2 - -1)) + 3 + 4 + -11.
6
Calculate (4 - (-1 + 0)) + (40 - 47 - 9).
-11
-16 + (-20 - -27) + (3 - 2)
-8
Calculate (48 - 22 - -3) + -11.
18
What is (0 - -6) + (40 - 58) + (2 - 1)?
-11
(10 - -1) + (52 - (30 - -19))
14
What is the value of -5 + (-1 + 10 + -1 + -22 - -10)?
-9
What is (4 - 23) + (47 - 59) + 17?
-14
Calculate 0 + -6 - ((88 - 44) + -53).
3
What is 10 - (-5 - -3) - (31 + -25)?
6
14 - (0 - -9) - (1 - 5)
9
Evaluate -12 - ((-10 + -5 - -9) + 10).
-16
What is the value of -22 + -15 + 21 + 11?
-5
What is 5 - (10 - (-12 + -9 + 4 + -3))?
-25
Calculate (5 - 1) + -236 + 248.
16
What is -47 + (63 - 24) - (-1 + -14)?
7
Evaluate (-1 - (2 - -6)) + 10.
1
What is -6 + (15 - 5) + -1 + -5?
-2
(5 - 7) + (37 - 29) + 7
13
Evaluate (-10 - -13) + -24 + 11 + 33.
23
Evaluate (9 - 0) + (90 - 115).
-16
What is (134 - 137) + (15 - 2) + 8?
18
What is (-2 - 0) + 0 + -4 + 638 + -651?
-19
42 + (-43 - -27) + 11
37
What is (0 - 38) + (-17 - (-5 + (-5 - 13)))?
-32
Calculate -559 + 564 - (14 + 1).
-10
-1 + (1 - 4 - (20 - 15)) + 0
-9
Calculate (-2 + 11 + 3 - 15) + -4.
-7
Evaluate (2 - (-12 - -11) - 1) + 18.
20
Calculate 4 - (0 + 6 + 0 + 5) - 1.
-8
What is -8 - (6 + 2 + (7 - -1))?
-24
What is the value of -13 + (3 - 0) + -15 + (-4 - -14)?
-15
What is the value of -5 + (0 - 14 - (-30 + -15))?
26
Calculate (13 - 5 - 20) + -7 + 10.
-9
What is -4 - (-2 + (3 - -5))?
-10
Evaluate -10 - (20 - (-12 - -26)).
-16
Calculate (11 - 14) + -11 + 17.
3
What is the value of 6 + (11 - 6) + -10?
1
Calculate -1 - 9 - -1 - (6 - 14 - -10).
-11
Calculate 0 + 8 + (-91 - -91) + -2.
6
What is (2 - -21) + (70 - 113) + -2 + 14?
-8
Evaluate 128 - 119 - (8 + 0).
1
Evaluate 43 - (30 - -1) - (12 - 3).
3
(-6 - 21 - -11) + (-5 - -35)
14
Calculate 22 + 16 + -50 + (0 - -11).
-1
What is the value of (-3 - -38) + 141 + -195?
-19
Calculate -20 - (-45 - (-56 - -22)).
-9
49 - (13 - (30 - 42))
24
Evaluate 4 + -1 + (7 - (6 - -7) - 7).
-10
Calculate -2 + 1 - -12 - (421 + -422).
12
Evaluate 7 - (2 + -3) - (-5 + (-5 - -18)).
0
What is the value of 3 - (2 + 3) - (-28 - -27)?
-1
What is the value of -32 + -17 - (-76 - -59)?
-32
What is the value of (-45 - -28) + 16 + 7 + -1 + 2?
7
(1 - -9) + (0 - 8) + 10
12
What is (1 - -9 - 34) + 11?
-13
-4 + 5 - (9 - (5 - -9)) - 21
-15
3 + (0 + -29 + 4 - 2)
-24
Calculate 19 - (31 + (-33 - -13)).
8
-12 - ((3 - 9 - (-54 - -48)) + -4)
-8
Calculate -2 + 1 - ((-4 - (-13 - -10)) + 7).
-7
What is 104 - 112 - ((2 - 1) + 6)?
-15
Calculate -14 + 8 + 6 - (14 - 4).
-10
What is (-1 - (45 - 51 - (-1 + 5))) + -3?
6
What is the value of -15 + (-14 - (-25 - -4))?
-8
Calculate (-4 - -1) + 1 - (-11 - (-7 - -6)).
8
2 + (-4 - -2) + 1 + -14 + 9
-4
Evaluate -28 + (-21 + 45 - 12).
-16
20 + (13 - 21) - (5 + 0)
7
Calculate 142 + -133 + (0 - -1).
10
What is the value of 77 + -75 - (5 + -5 + 3)?
-1
What is (-7 - -13) + 7 + -9?
4
What is the value of (26 - (0 - -14)) + -31?
-19
-8 - ((7 + 2 - 7 - -6) + -5)
-11
What is the value of (-9 - (6 - 32) - 5) + 14 + -10?
16
(-9 + 6 - -15) + -17
-5
What is (-9 - 11 - -19) + (0 - 23) + 7?
-17
Evaluate (20 + (-4 - -1) - -3) + -8.
12
Calculate 0 + -2 + (41 - 36) - -6.
9
What is 12 + (3 + -11 + 16 - 15) - 14?
-9
Evaluate (1 - (-4 + -1) - (-14 - -23)) + -11.
-14
Calculate (0 + 4 - -19) + -48.
-25
3 - ((19 - 38) + 6)
16
What is the value of 29 - 9 - 17 - (9 + -1)?
-5
Evaluate 1 + 2 + (-16 - -4) + (12 - 21).
-18
Evaluate -19 - (1 - -7) - -24.
-3
Evaluate 2 + -6 + 7 - (5 - -3 - 8).
3
9 + (-7 - ((-9 - -5) + 1))
5
Calculate -12 + 21 - (9 - 0 - 1) - 3.
-2
What is 36 + (33 - 71) + 0 + 20?
18
What is (8 + -17 - -3) + 4 - 4?
-6
Evaluate -9 + (3 - (4 - -2)).
-12
Evaluate (0 - 4 - 4) + 1 + 0.
-7
Calculate -7 + 49 - -6 - (-43 + 59).
32
What is 0 + -10 - (-70 - -64) - (-20 + 1)?
15
Calculate (273 - 282) + ((-2 - -4) + 42 - 3).
32
What is (-3 - (-3 - -2)) + 98 + -101?
-5
(1 - (-4 + 1 + 2 + 8)) + 0
-6
Calculate (-8 - -7 - 0) + 1 - -1.
1
What is 63 - (-6 - (-32 - 1))?
36
Calculate 7 - (33 - (-1 + 7)).
-20
Evaluate -23 + (-7 + 15 - -8).
-7
What is the value of 29 - (-8 + (19 + 10 - 8))?
16
-3 - ((9 - 0) + 1)
-13
Calculate 3 - 0 - (3 - -13).
-13
Calculate (-4 - (2 - (-6 - -11)) - -5) + -3.
1
What is ((-1 - 6) + 15 + -13 - 9) + -9?
-23
Evaluate -2 + (6 - (1 - (-5 + -2)) - 0).
-4
Evaluate -9 + ((-3 - -5) + -8 + 1 - -12).
-2
Evaluate (217 - 202) + (1 - 6) + 15 + 10.
35
Calculate -11 + 2 + 61 + -48 + (-8 - -1).
-3
(27 - 11 - 11) + -12 + (-8 - -1)
-14
Calculate (37 - (12 + 2)) + (7 - -11).
41
What is -23 + 0 - (11 - 26)?
-8
Evaluate (-10 + 12 - 34) + 10.
-22
What is -1 + (-3 - (2 + -4 + 6))?
-8
(1 - 27) + (31 - 11)
-6
Evaluate 21 - (0 - -11) - -4.
14
What is -25 - -14 - -5 - (13 + -2 - 1)?
-16
-8 + (-7 - -12 - 5) + -2 + 2
-8
Calculate -5 - ((-36 - -34) + -1 + 0).
-2
What is 10 + 14 - 1 - 36?
-13
What is (2 - -1) + 29 + -231 + 218?
19
What is (4 + -16 - -50) + -7 + -9 + -1?
21
Calculate (-3 - (19 + 1)) + 11.
-12
What is the value of -9 + 2 - -4 - 29 - (-18 - -9)?
-23
-11 + (5 - 3 - -13)
4
-35 - (8 + -3 + -9) - (-5 - -3)
-29
What is 10 + (29 - (17 + 6))?
16
Calculate (19 - (13 + 14)) + 0 + -12.
-20
Evaluate -3 + 0 + -17 + 10.
-10
Calculate -6 + 6 + (-6 - -11) - -10.
15
What is (9 + 5 - 8) + (-10 - (-8 - 0))?
4
Evaluate 19 + (-15 - -12) + -5 + 4.
15
Evaluate -15 - (-6 - (1 + -11) - -2).
-21
9 - (64 - 23) - -44
12
Calculate 3 - 4 - (0 - (7 - (8 + 4))).
-6
Evaluate ((-3 - -1) + 1 + 2 - -6) + -22.
-15
Evaluate 0 - (1 + 14) - (612 - 637).
10
Calculate 0 - (-7 - (9 + -12 - 5)).
-1
24 + 46 + -69 + (-1 - -9)
9
What is the value of (-3 + 0 - -7) + 5 + -11 - -6?
4
What is 1 - 4 - ((-18 - 0) + 248 + -247)?
14
What is the value of 24 - 35 - (-10 + 3)?
-4
-6 + 7 - 2 - 5 - -14
8
What is 0 + (3 - (-23 - (-7 + -5)))?
14
Calculate (13 - (6 + -8) - 13) + (-17 - 5).
-20
What is (-1 - -1) + 22 + 2 + (-20 - 2)?
2
58 + -18 + -8 + -21
11
What is 3 + (11 - 8) - 2 - 6?
-2
(4 - 6) + -3 + -2 - (-26 - -10)
9
-2 - (0 - 1 - 1 - (114 - 111))
3
What is the value of (0 + 0 + -11 - -5) + 26?
20
What is the value of 4 - (4 - (3 + 8)) - 6?
5
(31 - (79 - 29)) + 18
-1
What is the value of 1 - 7 - (16 - (-6 - (-22 - -6)))?
-12
Evaluate -3 - (-7 + 8 - 8 - (-11 + -1)).
-8
3 + -3 + -10 - (-6 - 16) - 37
-25
Calculate (87 - 40) + 15 + -27.
35
What is the value of 7 + 4 + 8 + 0 - 6?
13
268 - 240 - (11 + 4 + -2)
15
What is the value of 0 + 10 - (-25 + 33)?
2
What is the value of -14 + (0 - 11 - (81 - 93))?
-13
Evaluate 25 + 11 + (1 - (22 + 3)).
12
What is (1595 - 1594) + (9 - -1) + -2?
9
What is the value of 25 - (6 + 5 + 6)?
8
-3 + (4 - 9) + 6 + 5 - 0
3
What is the value of 18 + -46 + 23 - (-5 - 1)?
1
Calculate 17 - (18 + -5 - ((4 - -4) + -4)).
8
Calculate (-2 - -44 - 18) + (-4 - -4 - -3).
27
What is 5 + 37 + -34 + (1 - -11)?
20
Evaluate 3 + -15 + (14 - 39).
-37
What is (-419 - -437) + (0 - -1 - (0 - -9))?
10
Calculate -3 + 5 + (1 - 3) + (11 - 11).
0
(-16 + 5 - -14) + -10
-7
(-315 - -323) + (-18 - 0)
-10
39 - 20 - -3 - (1 + -5 + 6)
20
What is (-6 - -9) + 25 - (5 + 7)?
16
What is the value of -7 - 3 - -4 - (-5 + -20 + 9)?
10
Evaluate 3 - ((-4 - -13) + -8 + 1).
1
Calculate -3074 + 3076 + (-1 - -1 - (-1 + -4)).
7
Evaluate -1 + -13 + -9 + -5 + 20.
-8
Calculate (-3 - 3) + 1 + 28.
23
What is the value of (3 - -6) + -9 + 4 + -2?
2
Calculate -12 + -6 + 19 - (4 - -1).
-4
Evaluate (13 - 15) + 3 - (-2 - (-24 + -2)).
-23
Evaluate (-25 - -1) + (13 - (20 - -14) - -15).
-30
What is (-1 - 6) + (23 - ((-7 - -10) + 5))?
8
(-9 - (-7 - (-11 + 11))) + 6
4
Evaluate (82 - 121) + 28 + -2.
-13
-35 + 62 - 15 - 19
-7
What is the value of 32 - (-36 + -39 + 94)?
13
Calculate -14 + 8 + -2 + -14 + 9.
-13
Evaluate 13 - (16 + -4) - (-1 + 1 + -16).
17
What is (52 - (13 + 12)) + -19?
8
What is -18 + -2 + 2 + -1 + (20 - 18)?
-17
Calculate (40 - (25 - 40)) + -31.
24
What is -13 - 6 - (21 - 44 - -9)?
-5
48 + -39 + -46 - (-1 + (-3 - -2))
-35
Calculate (41 + -21 - 13) + (-1 - 3) + -35.
-32
Calculate 17 + -18 - (12 + 9 - (6 - 2)).
-18
12 + -4 - 1 - (3 - (4 + -3))
5
9 + -2 + -9 + 1 + -1
-2
(12 - ((-1 - 9) + 10 + 17)) + -23
-28
Evaluate (-2 - (2 - 2)) + (-7 - -10) - 0.
1
(35 - 1